u) = -2*u + 7. Let p(i) = 4*d(i) - 5*g(i). Let a be p(-3). Let y = -12 + a. What are the prime factors of y?
5
Suppose 5*b - 327 = -4*s + 252, 5*b = -3*s + 583. What are the prime factors of b?
7, 17
Suppose -1484 = -9*m - 5*m. Let b = 50 - -11. Let y = m - b. What are the prime factors of y?
3, 5
Let q = 176 - 176. Suppose -4*d + 9*d + l - 1146 = q, 0 = -2*d + 3*l + 472. What are the prime factors of d?
2, 5, 23
Let p(n) = -n**3 + 2*n**2 + 4*n + 1. Let j be p(4). Let z = 15 - j. Let a = z - -41. List the prime factors of a.
71
What are the prime factors of -10 - (-35210)/(30/3)?
3511
Suppose 4*x + 2*f = 852, 9*f - 10*f = -3*x + 644. List the prime factors of x.
2, 107
Suppose 12*n = 14*n + 26. Let f = n - -5. List the prime factors of (2 - f)*(0 - -6).
2, 3, 5
Let h be (-6)/(1302/436 - 3). Suppose -4*l = -2*v - h, 0 = -l + 5*v - 10*v + 87. What are the prime factors of l?
107
Let k = -50 + 49. What are the prime factors of k - (62/(-6) + (-2)/(-6))?
3
Suppose 6*i = 26838 + 7566. What are the prime factors of i?
2, 47, 61
Let v(d) = -3*d**2 + 10*d - 32. Let m be v(7). Let i = m - -137. List the prime factors of i.
2, 7
Let u(h) = -h**2 - 55*h + 130. What are the prime factors of u(-38)?
2, 97
Let x = -382 - -758. Suppose 344 = 4*k - x. List the prime factors of k.
2, 3, 5
Suppose -2*y + 5 = -3*y, y + 85 = -5*z. List the prime factors of (-1156)/z + 2/(-8).
2, 3
Let d be (-3)/((-9)/(-3))*17. Let p(w) be the third derivative of -w**4/24 + 7*w**3/6 - 4*w**2 + w. What are the prime factors of p(d)?
2, 3
Suppose -21252 = -247*v + 236*v. List the prime factors of v.
2, 3, 7, 23
Let x(b) = -b**2 + 2*b + 6. Let n be x(3). Let f(v) = 12*v**2 - 4*v + 7. Let z be f(n). Suppose 3*o = z + 56. List the prime factors of o.
53
Let q(l) = -l + 8. Suppose w - 2 = 4. Let m be q(w). Suppose f - 15 = 2*t, m*f + f = -5*t + 100. List the prime factors of f.
5
List the prime factors of 1587 + -32 - -8*(-1)/2.
3, 11, 47
Let i(n) = -n**3 + 9*n**2 - 10*n + 2. Let p be i(8). Let u be (-4)/p + (-2514)/(-21). Suppose -5*a = -a - u. List the prime factors of a.
2, 3, 5
Let a = 15 + -12. Let c(b) = -a + b**3 - 60*b + 53*b - 4*b**2 + 0*b**2. What are the prime factors of c(6)?
3
Suppose -34 = 6*k - 28. Let r(c) = -231*c + 5. List the prime factors of r(k).
2, 59
Let l(q) = 209*q**3 + 16*q**2 - 34*q - 1. What are the prime factors of l(2)?
1667
Let s(z) be the first derivative of 3*z**2/2 + 4*z + 6. Let j be s(7). What are the prime factors of j/9 - 4/(-18)?
3
Let f = 591 - -268. What are the prime factors of f?
859
List the prime factors of ((-30)/40)/(3/(-1524)).
3, 127
Let w(o) = -47*o - 31*o + 9*o + 4. What are the prime factors of w(-1)?
73
Let i be (6/2 - 3) + (-112)/(-2). Let m = i + 26. What are the prime factors of m?
2, 41
Let i(l) = -9*l - 15. Let p be i(-20). Suppose 2*f + d - p = 0, 240 = 3*f + d + 2*d. List the prime factors of f.
5, 17
Suppose -5*u + 0*u - 4*b = -6705, 0 = 4*u - 4*b - 5328. What are the prime factors of u?
7, 191
Let r be 20/5 + (-38 - 1). Let f = r - -38. Suppose 127 + 35 = 3*s - f*d, 5*s - 3*d = 262. List the prime factors of s.
2, 5
Suppose 0 = -3*d - 5*d. Suppose 3*f - 166 - 173 = d. What are the prime factors of f?
113
Let y be (3/9)/((-2)/(-30)). Suppose -45 = -4*o + 2*u + u, 2*o - 55 = -y*u. What are the prime factors of o?
3, 5
Let t = 40 + -28. Suppose 3*z - 234 = -4*c + 71, -3*c = t. What are the prime factors of z?
107
Let l be -11 + 1 - (-2 - 0). Let g(f) be the second derivative of f**5/20 + 5*f**4/6 + 11*f**3/6 - f**2 + 4*f. List the prime factors of g(l).
2, 19
Let k be (1 - (-1)/(-2))*0/4. Suppose 9*s - 7*s - 4 = k. What are the prime factors of s?
2
Let l be (320/6)/((-12)/(-90)). Suppose -60 = 5*a - l. What are the prime factors of a?
2, 17
What are the prime factors of ((-21)/(-2))/(18/48)?
2, 7
Suppose 0 = 2*f + f + 15. Let o(u) = u**3 + 7*u**2 + 3*u + 3. What are the prime factors of o(f)?
2, 19
What are the prime factors of (3486/8)/(-7)*(-24)/6?
3, 83
Suppose -27*b + 134 = -25*b. List the prime factors of b.
67
Let k(c) = -c**3 + c**2 + 3*c - 2. Let l be k(2). Suppose l = -x - 2*x + 54. List the prime factors of x.
2, 3
Let a = -596 - -962. Let h = 589 - a. Suppose -3*t = -5*m + 251, -5*t = 3*m + m - h. What are the prime factors of m?
2, 13
Let h(y) = 0 + 10*y**2 + 8*y + 487*y**3 - 11 - 489*y**3. List the prime factors of h(5).
29
Let b(n) = -5*n**3 - 6*n**2 + 11*n + 38. What are the prime factors of b(-8)?
2, 1063
Suppose r = 610 - 154. What are the prime factors of r?
2, 3, 19
Suppose -4*b - b + 810 = 0. Let v = b + -402. List the prime factors of 2/(v/(-116) + -2).
29
Let p(l) = -l**2 - 9*l - 3. Let o be p(-5). Let h be 2/(o/5 + -3). Suppose -2*b - 2*y + 14 + 52 = 0, h*y - 5 = 0. List the prime factors of b.
2
Suppose n + 292 = 2145. What are the prime factors of n?
17, 109
List the prime factors of -12 + 3169*(-5 + 6).
7, 11, 41
Suppose -g + 3 = 0, -12 = -r - 3*g - 4. Let a = r - -9. Suppose 5*m - i = 130, 5*m + 2*i - 153 + a = 0. List the prime factors of m.
3
Suppose -4*i + 99 = -1753. Suppose 0 = -l - j - j + 161, 0 = -3*l - 2*j + i. What are the prime factors of l?
151
Let p(a) = a**2 - a + 3. Suppose 0 = 2*q + 9 + 7. Let y = q + 4. List the prime factors of p(y).
23
Let x(k) = 4*k + 3. Let s be 11 - (2 - (3 + -3)). Let h be x(s). Suppose h = 2*b - 25. List the prime factors of b.
2
Let k be (36/(-48))/((-1)/4). Suppose -k*v - 9 = -3*w, -4*v - 3*w - 40 = -0*w. What are the prime factors of (24/14)/((-2)/v)?
2, 3
Let p = 3139 - 1020. List the prime factors of p.
13, 163
Let t be 3*(3/(-9) + 1). List the prime factors of (-40)/6*t/((-16)/12).
2, 5
Let p(n) = 151*n - 591. What are the prime factors of p(13)?
2, 7
Suppose 44 = b - 17. Suppose 2*p = 5*f + 206 - b, -5*p = -5*f - 370. Let l = p + -52. What are the prime factors of l?
23
Let u be 1/2 - (-36)/8. Let r = -3 - -8. Suppose 4*b - 68 = r*o, 4*b = u*o - o + 64. What are the prime factors of b?
2, 3
Let k(n) = n**3 + 3*n**2 + n + 7. Let g be k(-4). What are the prime factors of ((-2)/4*g)/(7/294)?
3, 7, 13
Let p(m) = 32*m**2 - m + 12. Let j be p(4). Suppose -c - 2*s + 251 = 0, -5*s - j = -4*c + 2*c. List the prime factors of c.
3, 5, 17
Let k be 9 + ((-6)/1)/2. Let q(p) be the third derivative of p**5/30 - 5*p**4/24 - 12*p**2. What are the prime factors of q(k)?
2, 3, 7
Suppose 5*t + 18 = -t. Let m be (5/t)/(10/(-30)). Suppose -3*v + 347 = m*y, 3*y = 4*y + 3*v - 79. List the prime factors of y.
67
Suppose -2*b + h = -0*h - 12, b - 4*h = 20. List the prime factors of (-261)/(-4) + (-1)/b.
5, 13
Suppose -26*t + 1674 + 5294 = 0. What are the prime factors of t?
2, 67
Let s(x) = x**3 - 8*x**2 + 48*x + 45. List the prime factors of s(17).
2, 3, 577
Suppose 16 = v - 3*c - 6, v + 4*c - 22 = 0. Let w = 7 + -5. Suppose v = w*x - 14. List the prime factors of x.
2, 3
Let q be (-24)/(-18) - (-2)/3. Let d be 1 - (-2 + 0)/q. Suppose -d*t - 2*l + 48 = 2*l, -3*t - 2*l = -56. What are the prime factors of t?
2
Let b(h) = -h - 2. Let d be b(-2). Let f(j) = 3*j**2 - 20*j - 5. Let u be f(7). Suppose u*t - 38 - 34 = d. What are the prime factors of t?
2, 3
Suppose 4*x + 3*r + 12 = 0, -2*x + 3*r + 5 = -7. Suppose -3*j - 18 = -6, x = 4*g + 2*j - 68. Let y = g + -2. What are the prime factors of y?
17
Suppose 1 = 3*r + 5*q - 5, 6 = 3*r - q. Suppose 0 = 2*w + r, -3*w + 114 = f + 17. List the prime factors of f.
2, 5
Suppose 83*h + 14008 = 4*p + 78*h, h = 5*p - 17489. List the prime factors of p.
13, 269
List the prime factors of (-39)/(45/(-105)*(-14)/(-44)).
2, 11, 13
Let u(y) = -23*y - 82. List the prime factors of u(-9).
5
Let w = -1 + 7. Suppose w = -j + 1, -5*y + 2*j + 390 = 0. List the prime factors of y.
2, 19
Let f(u) = -4*u - 7. Let a(g) = -5*g - 7. Let d(h) = -5*a(h) + 6*f(h). Let q(i) = -4*i + 20. Let p(j) = 11*d(j) + 4*q(j). List the prime factors of p(-5).
2, 7
Let f = 86 + 122. List the prime factors of f.
2, 13
Let q(y) = -y. Let v(h) = -4*h. Suppose -51 = -0*z + 3*z + 5*u, u = -z - 15. Let j(k) = z*q(k) - 4*v(k). List the prime factors of j(1).
2, 7
Suppose -5*l + 2*m + 2277 = 0, -914 = -2*l + 4*m - 0*m. Suppose -i = 4*i - l. Let j = i - 32. What are the prime factors of j?
59
List the prime factors of (-6923)/(-7) + 4*(-2)/(-4).
991
Let v be (-22)/(-8) - 36/48. Sup